{"id":51,"date":"2024-01-30T10:03:48","date_gmt":"2024-01-30T09:03:48","guid":{"rendered":"https:\/\/monessenceoriginelle.be\/?page_id=51"},"modified":"2024-03-15T14:48:48","modified_gmt":"2024-03-15T13:48:48","slug":"qui-suis-je","status":"publish","type":"page","link":"https:\/\/monessenceoriginelle.be\/index.php\/qui-suis-je\/","title":{"rendered":"Qui suis-je ?"},"content":{"rendered":"\n<p class=\"has-text-align-left\">Je m\u2019appelle Magali, je suis une \u00e2me qui vit sur cette Terre depuis 43 ans \ud83d\ude09<\/p>\n\n\n\n<p class=\"has-text-align-left\">J&#8217;habite en campagne Lensoise et j&#8217;ai la chance d&#8217;\u00eatre maman de 2 gar\u00e7ons. Je suis mari\u00e9e depuis 10 belles ann\u00e9es maintenant.<\/p>\n\n\n\n<p class=\"has-text-align-left\">J\u2019ai voulu devenir kin\u00e9 \u00e0 l\u2019\u00e2ge de 8 ans. Prendre soin des \u00eatres vivants a toujours \u00e9t\u00e9 une vocation pour moi. Je me suis donc, naturellement tourn\u00e9e vers l&#8217;humain, m\u00eame si les animaux ont toujours eu cette place bien particuli\u00e8re dans mon coeur. ( mon 2\u00e8me choix \u00e9tant v\u00e9t\u00e9rinaire )<\/p>\n\n\n\n<p>\u00catre dans le soin \u00e0 la personne a toujours fait partie de ma vie et de mes envies. Apr\u00e8s avoir eu ma licence en kin\u00e9, je me suis engag\u00e9e, pas toujours de mani\u00e8re tr\u00e8s consciente, \u00e0 divers endroits pour \u00e9largir mon horizon et mes comp\u00e9tences.\u00a0<\/p>\n\n\n\n<p>Depuis toute petite, je me suis toujours sentie diff\u00e9rente et dans une qu\u00eate de sens quasi constante. Avec les ann\u00e9es, je me rends compte maintenant que je me suis un peu perdue dans cette vie o\u00f9 la dispersion faisait partie de mon quotidien.<\/p>\n\n\n\n<p class=\"has-text-align-center has-blush-light-purple-gradient-background has-text-color has-background has-link-color wp-elements-5ecb08c1bd10309de49a7ea17db85626\" style=\"color:#2e2f3c\"><em><strong>&#8220;Le sens de l&#8217;existence terrestre ne se trouve pas comme nous l&#8217;avons appris, dans la prosp\u00e9rit\u00e9, mais dans le d\u00e9veloppement de l&#8217;\u00e2me&#8221;<\/strong> <\/em>                                                                                                                                 ( Alexandre Soljenitsyne )<\/p>\n\n\n\n<p>Pendant plus de 20 ans, j\u2019ai mis beaucoup d&#8217;\u00e9nergie \u00e0 me former pour am\u00e9liorer mes comp\u00e9tences en tant que kin\u00e9, surtout d\u2019un point de vue technique.\u00a0<\/p>\n\n\n\n<p>Mon vrai chemin, \u2026 mon d\u00e9but de retour \u00e0 moi, a commenc\u00e9 en 2015 dans une formation qui m\u2019a boulevers\u00e9e : l\u2019hippoth\u00e9rapie.<\/p>\n\n\n\n<p>Cette formation m\u2019a reconnect\u00e9 de mani\u00e8re diff\u00e9rente avec des \u00eatres chers \u00e0 mon c\u0153ur : les humains et les chevaux. Elle m&#8217;a permis aussi, avec douceur, de mettre plus d&#8217;attention non pas sur ce que je Faisais mais bien sur ce que j\u2019Etais. Ce moment cl\u00e9 \u00e9tait le d\u00e9but d&#8217;un grand changement au niveau de ma pr\u00e9sence \u00e0 l&#8217;autre, \u00e0 moi et \u00e0 ce monde.<\/p>\n\n\n\n<p class=\"has-text-align-center has-blush-light-purple-gradient-background has-text-color has-background has-link-color wp-elements-ed1eddcdf18476efae6f30aa0081d10a\" style=\"color:#2e2f3c\"><em><strong>&#8220;Dans la sagesse accumul\u00e9e au fil du temps, j&#8217;ai d\u00e9couvert que chaque exp\u00e9rience est une forme d&#8217;exploration&#8221; <\/strong>                                                                                                                                                                    (<\/em> Ansel Adams )<\/p>\n\n\n\n<p>Tout s\u2019est alors encha\u00een\u00e9 : des pertes importantes \u00e0 mes yeux, des accidents, des conflits, l\u2019arriv\u00e9e d\u2019un 2\u00e8me enfant qui m&#8217;a amen\u00e9 \u00e0 \u00e9puiser mes r\u00e9serves tant physiques que psychologiques, la perte de mon papa, \u2026 toutes des exp\u00e9riences de vie certes, mais qui m\u2019ont bris\u00e9e et fait toucher le fond il y a 3 ans.<\/p>\n\n\n\n<p>Apr\u00e8s beaucoup de travail sur moi et une merveilleuse formation en th\u00e9rapie psycho-corporelle ( EMTE : Energetic Massage Therapy Eid\u00e9tique ), je me sens maintenant bien plus proche de mon Essence, je comprends ce qui m&#8217;habite et je peux m&#8217;y adapter pour vivre ma vivre d&#8217;une fa\u00e7on beaucoup plus sereine. J&#8217;ai appris \u00e0 m&#8217;aimer avec mes imperfections et pourtant ce n&#8217;\u00e9tait pas gagn\u00e9.<\/p>\n\n\n\n<p class=\"has-text-align-center has-blush-light-purple-gradient-background has-text-color has-background has-link-color wp-elements-af3770c2ee48aeaa673e579257cce0a6\" style=\"color:#2e2f3c\"><em><strong>&#8221; Si tu comprends que toute exp\u00e9rience peut te faire grandir, alors tu sauras donner du sens \u00e0 tout ce qui t&#8217;arrive et tu progresseras de plus en plus en s\u00e9r\u00e9nit\u00e9, en joie, en connaissance de toi-m\u00eame et du monde, et surtout en amour, qui l&#8217;\u00e9nergie la plus forte et la plus \u00e9lev\u00e9e de tout ce qui est.&#8221;<\/strong><\/em>                                            ( Fr\u00e9d\u00e9rick Lenoir )<\/p>\n\n\n\n<p>Professionnellement, cette formation est venue compl\u00e9ter cette vision de l\u2019accompagnement id\u00e9al que j\u2019imaginais proposer un jour : prendre en compte l&#8217;humain dans son enti\u00e8ret\u00e9 : poser la m\u00eame conscience et intention de travail, tant sur le corporel, que sur l\u2019\u00e9motionnel et le mental.<\/p>\n\n\n\n<p>Apr\u00e8s tout ce chemin, qui n\u2019est pas fini, je me d\u00e9finis comme une personne douce, empathique, bienveillante, passionn\u00e9e, en qu\u00eate de sens et d\u2019\u00e9volution, &#8230;<\/p>\n\n\n\n<p>Je d\u00e9sire, plus que tout au monde, aider les personnes, qui viendront \u00e0 moi, \u00e0 (re)trouver leur chemin, \u00e0 se d\u00e9construire pour mieux se reconstruire par le biais d&#8217;une meilleure conscience mentale et corporelle.<\/p>\n\n\n\n<p>Parall\u00e8lement, je travaille actuellement et depuis 10 ans, comme kin\u00e9sith\u00e9rapeute, dans un service de jour pour personnes adultes pr\u00e9sentant un handicap mental\/physique.<\/p>\n\n\n\n<figure class=\"wp-block-image size-large\"><img loading=\"lazy\" decoding=\"async\" width=\"1024\" height=\"747\" src=\"https:\/\/monessenceoriginelle.be\/wp-content\/uploads\/2024\/03\/FB_IMG_1709718799040-1024x747.jpg\" alt=\"\" class=\"wp-image-259\" srcset=\"https:\/\/monessenceoriginelle.be\/wp-content\/uploads\/2024\/03\/FB_IMG_1709718799040-1024x747.jpg 1024w, https:\/\/monessenceoriginelle.be\/wp-content\/uploads\/2024\/03\/FB_IMG_1709718799040-300x219.jpg 300w, https:\/\/monessenceoriginelle.be\/wp-content\/uploads\/2024\/03\/FB_IMG_1709718799040-768x560.jpg 768w, https:\/\/monessenceoriginelle.be\/wp-content\/uploads\/2024\/03\/FB_IMG_1709718799040.jpg 1080w\" sizes=\"auto, (max-width: 1024px) 100vw, 1024px\" \/><\/figure>\n","protected":false},"excerpt":{"rendered":"<p>Je m\u2019appelle Magali, je suis une \u00e2me qui vit sur cette Terre depuis 43 ans \ud83d\ude09 J&#8217;habite en campagne Lensoise et j&#8217;ai la chance d&#8217;\u00eatre maman de 2 gar\u00e7ons. Je suis mari\u00e9e depuis 10 belles ann\u00e9es maintenant. J\u2019ai voulu devenir kin\u00e9 \u00e0 l\u2019\u00e2ge de 8 ans. Prendre soin des \u00eatres vivants a toujours \u00e9t\u00e9 une vocation pour moi. Je me suis donc, naturellement tourn\u00e9e vers l&#8217;humain, m\u00eame si les animaux ont toujours eu cette place bien particuli\u00e8re dans mon coeur. ( mon 2\u00e8me choix \u00e9tant v\u00e9t\u00e9rinaire ) \u00catre dans le soin \u00e0 la personne a toujours fait partie de ma vie et de mes envies. Apr\u00e8s avoir eu ma licence en kin\u00e9, je me suis engag\u00e9e, pas toujours de mani\u00e8re tr\u00e8s consciente, \u00e0 divers endroits pour \u00e9largir mon horizon et mes comp\u00e9tences.\u00a0 Depuis toute petite, je me suis toujours sentie diff\u00e9rente et dans une qu\u00eate de sens quasi constante. Avec les ann\u00e9es, je me rends compte maintenant que je me suis un peu perdue dans cette vie o\u00f9 la dispersion faisait partie de mon quotidien. &#8220;Le sens de l&#8217;existence terrestre ne se trouve pas comme nous l&#8217;avons appris, dans la prosp\u00e9rit\u00e9, mais dans le d\u00e9veloppement de l&#8217;\u00e2me&#8221; ( Alexandre Soljenitsyne ) Pendant plus de 20 ans, j\u2019ai mis beaucoup d&#8217;\u00e9nergie \u00e0 me former pour am\u00e9liorer mes comp\u00e9tences en tant que kin\u00e9, surtout d\u2019un point de vue technique.\u00a0 Mon vrai chemin, \u2026 mon d\u00e9but de retour \u00e0 moi, a commenc\u00e9 en 2015 dans une formation qui m\u2019a boulevers\u00e9e : l\u2019hippoth\u00e9rapie. Cette formation m\u2019a reconnect\u00e9 de mani\u00e8re diff\u00e9rente avec des \u00eatres chers \u00e0 mon c\u0153ur : les humains et les chevaux. Elle m&#8217;a permis aussi, avec douceur, de mettre plus d&#8217;attention non pas sur ce que je Faisais mais bien sur ce que j\u2019Etais. Ce moment cl\u00e9 \u00e9tait le d\u00e9but d&#8217;un grand changement au niveau de ma pr\u00e9sence \u00e0 l&#8217;autre, \u00e0 moi et \u00e0 ce monde. &#8220;Dans la sagesse accumul\u00e9e au fil du temps, j&#8217;ai d\u00e9couvert que chaque exp\u00e9rience est une forme d&#8217;exploration&#8221; ( Ansel Adams ) Tout s\u2019est alors encha\u00een\u00e9 : des pertes importantes \u00e0 mes yeux, des accidents, des conflits, l\u2019arriv\u00e9e d\u2019un 2\u00e8me enfant qui m&#8217;a amen\u00e9 \u00e0 \u00e9puiser mes r\u00e9serves tant physiques que psychologiques, la perte de mon papa, \u2026 toutes des exp\u00e9riences de vie certes, mais qui m\u2019ont bris\u00e9e et fait toucher le fond il y a 3 ans. Apr\u00e8s beaucoup de travail sur moi et une merveilleuse formation en th\u00e9rapie psycho-corporelle ( EMTE : Energetic Massage Therapy Eid\u00e9tique ), je me sens maintenant bien plus proche de mon Essence, je comprends ce qui m&#8217;habite et je peux m&#8217;y adapter pour vivre ma vivre d&#8217;une fa\u00e7on beaucoup plus sereine. J&#8217;ai appris \u00e0 m&#8217;aimer avec mes imperfections et pourtant ce n&#8217;\u00e9tait pas gagn\u00e9. &#8221; Si tu comprends que toute exp\u00e9rience peut te faire grandir, alors tu sauras donner du sens \u00e0 tout ce qui t&#8217;arrive et tu progresseras de plus en plus en s\u00e9r\u00e9nit\u00e9, en joie, en connaissance de toi-m\u00eame et du monde, et surtout en amour, qui l&#8217;\u00e9nergie la plus forte et la plus \u00e9lev\u00e9e de tout ce qui est.&#8221; ( Fr\u00e9d\u00e9rick Lenoir ) Professionnellement, cette formation est venue compl\u00e9ter cette vision de l\u2019accompagnement id\u00e9al que j\u2019imaginais proposer un jour : prendre en compte l&#8217;humain dans son enti\u00e8ret\u00e9 : poser la m\u00eame conscience et intention de travail, tant sur le corporel, que sur l\u2019\u00e9motionnel et le mental. Apr\u00e8s tout ce chemin, qui n\u2019est pas fini, je me d\u00e9finis comme une personne douce, empathique, bienveillante, passionn\u00e9e, en qu\u00eate de sens et d\u2019\u00e9volution, &#8230; Je d\u00e9sire, plus que tout au monde, aider les personnes, qui viendront \u00e0 moi, \u00e0 (re)trouver leur chemin, \u00e0 se d\u00e9construire pour mieux se reconstruire par le biais d&#8217;une meilleure conscience mentale et corporelle. Parall\u00e8lement, je travaille actuellement et depuis 10 ans, comme kin\u00e9sith\u00e9rapeute, dans un service de jour pour personnes adultes pr\u00e9sentant un handicap mental\/physique.<\/p>\n","protected":false},"author":1,"featured_media":52,"parent":0,"menu_order":0,"comment_status":"closed","ping_status":"closed","template":"","meta":{"footnotes":""},"class_list":["post-51","page","type-page","status-publish","has-post-thumbnail","hentry"],"_links":{"self":[{"href":"https:\/\/monessenceoriginelle.be\/index.php\/wp-json\/wp\/v2\/pages\/51","targetHints":{"allow":["GET"]}}],"collection":[{"href":"https:\/\/monessenceoriginelle.be\/index.php\/wp-json\/wp\/v2\/pages"}],"about":[{"href":"https:\/\/monessenceoriginelle.be\/index.php\/wp-json\/wp\/v2\/types\/page"}],"author":[{"embeddable":true,"href":"https:\/\/monessenceoriginelle.be\/index.php\/wp-json\/wp\/v2\/users\/1"}],"replies":[{"embeddable":true,"href":"https:\/\/monessenceoriginelle.be\/index.php\/wp-json\/wp\/v2\/comments?post=51"}],"version-history":[{"count":14,"href":"https:\/\/monessenceoriginelle.be\/index.php\/wp-json\/wp\/v2\/pages\/51\/revisions"}],"predecessor-version":[{"id":264,"href":"https:\/\/monessenceoriginelle.be\/index.php\/wp-json\/wp\/v2\/pages\/51\/revisions\/264"}],"wp:featuredmedia":[{"embeddable":true,"href":"https:\/\/monessenceoriginelle.be\/index.php\/wp-json\/wp\/v2\/media\/52"}],"wp:attachment":[{"href":"https:\/\/monessenceoriginelle.be\/index.php\/wp-json\/wp\/v2\/media?parent=51"}],"curies":[{"name":"wp","href":"https:\/\/api.w.org\/{rel}","templated":true}]}}

<p class="has-text-align-left">Je m’appelle Magali, je suis une âme qui vit sur cette Terre depuis 43 ans 😉</p>



<p class="has-text-align-left">J&#8217;habite en campagne Lensoise et j&#8217;ai la chance d&#8217;être maman de 2 garçons. Je suis mariée depuis 10 belles années maintenant.</p>



<p class="has-text-align-left">J’ai voulu devenir kiné à l’âge de 8 ans. Prendre soin des êtres vivants a toujours été une vocation pour moi. Je me suis donc, naturellement tournée vers l&#8217;humain, même si les animaux ont toujours eu cette place bien particulière dans mon coeur. ( mon 2ème choix étant vétérinaire )</p>



<p>Être dans le soin à la personne a toujours fait partie de ma vie et de mes envies. Après avoir eu ma licence en kiné, je me suis engagée, pas toujours de manière très consciente, à divers endroits pour élargir mon horizon et mes compétences. </p>



<p>Depuis toute petite, je me suis toujours sentie différente et dans une quête de sens quasi constante. Avec les années, je me rends compte maintenant que je me suis un peu perdue dans cette vie où la dispersion faisait partie de mon quotidien.</p>



<p class="has-text-align-center has-blush-light-purple-gradient-background has-text-color has-background has-link-color wp-elements-5ecb08c1bd10309de49a7ea17db85626" style="color:#2e2f3c"><em><strong>&#8220;Le sens de l&#8217;existence terrestre ne se trouve pas comme nous l&#8217;avons appris, dans la prospérité, mais dans le développement de l&#8217;âme&#8221;</strong> </em>                                                                                                                                 ( Alexandre Soljenitsyne )</p>



<p>Pendant plus de 20 ans, j’ai mis beaucoup d&#8217;énergie à me former pour améliorer mes compétences en tant que kiné, surtout d’un point de vue technique. </p>



<p>Mon vrai chemin, … mon début de retour à moi, a commencé en 2015 dans une formation qui m’a bouleversée : l’hippothérapie.</p>



<p>Cette formation m’a reconnecté de manière différente avec des êtres chers à mon cœur : les humains et les chevaux. Elle m&#8217;a permis aussi, avec douceur, de mettre plus d&#8217;attention non pas sur ce que je Faisais mais bien sur ce que j’Etais. Ce moment clé était le début d&#8217;un grand changement au niveau de ma présence à l&#8217;autre, à moi et à ce monde.</p>



<p class="has-text-align-center has-blush-light-purple-gradient-background has-text-color has-background has-link-color wp-elements-ed1eddcdf18476efae6f30aa0081d10a" style="color:#2e2f3c"><em><strong>&#8220;Dans la sagesse accumulée au fil du temps, j&#8217;ai découvert que chaque expérience est une forme d&#8217;exploration&#8221; </strong>                                                                                                                                                                    (</em> Ansel Adams )</p>



<p>Tout s’est alors enchaîné : des pertes importantes à mes yeux, des accidents, des conflits, l’arrivée d’un 2ème enfant qui m&#8217;a amené à épuiser mes réserves tant physiques que psychologiques, la perte de mon papa, … toutes des expériences de vie certes, mais qui m’ont brisée et fait toucher le fond il y a 3 ans.</p>



<p>Après beaucoup de travail sur moi et une merveilleuse formation en thérapie psycho-corporelle ( EMTE : Energetic Massage Therapy Eidétique ), je me sens maintenant bien plus proche de mon Essence, je comprends ce qui m&#8217;habite et je peux m&#8217;y adapter pour vivre ma vivre d&#8217;une façon beaucoup plus sereine. J&#8217;ai appris à m&#8217;aimer avec mes imperfections et pourtant ce n&#8217;était pas gagné.</p>



<p class="has-text-align-center has-blush-light-purple-gradient-background has-text-color has-background has-link-color wp-elements-af3770c2ee48aeaa673e579257cce0a6" style="color:#2e2f3c"><em><strong>&#8221; Si tu comprends que toute expérience peut te faire grandir, alors tu sauras donner du sens à tout ce qui t&#8217;arrive et tu progresseras de plus en plus en sérénité, en joie, en connaissance de toi-même et du monde, et surtout en amour, qui l&#8217;énergie la plus forte et la plus élevée de tout ce qui est.&#8221;</strong></em>                                            ( Frédérick Lenoir )</p>



<p>Professionnellement, cette formation est venue compléter cette vision de l’accompagnement idéal que j’imaginais proposer un jour : prendre en compte l&#8217;humain dans son entièreté : poser la même conscience et intention de travail, tant sur le corporel, que sur l’émotionnel et le mental.</p>



<p>Après tout ce chemin, qui n’est pas fini, je me définis comme une personne douce, empathique, bienveillante, passionnée, en quête de sens et d’évolution, &#8230;</p>



<p>Je désire, plus que tout au monde, aider les personnes, qui viendront à moi, à (re)trouver leur chemin, à se déconstruire pour mieux se reconstruire par le biais d&#8217;une meilleure conscience mentale et corporelle.</p>



<p>Parallèlement, je travaille actuellement et depuis 10 ans, comme kinésithérapeute, dans un service de jour pour personnes adultes présentant un handicap mental/physique.</p>



<figure class="wp-block-image size-large"><img loading="lazy" decoding="async" width="1024" height="747" src="https://monessenceoriginelle.be/wp-content/uploads/2024/03/FB_IMG_1709718799040-1024x747.jpg" alt="" class="wp-image-259" srcset="https://monessenceoriginelle.be/wp-content/uploads/2024/03/FB_IMG_1709718799040-1024x747.jpg 1024w, https://monessenceoriginelle.be/wp-content/uploads/2024/03/FB_IMG_1709718799040-300x219.jpg 300w, https://monessenceoriginelle.be/wp-content/uploads/2024/03/FB_IMG_1709718799040-768x560.jpg 768w, https://monessenceoriginelle.be/wp-content/uploads/2024/03/FB_IMG_1709718799040.jpg 1080w" sizes="auto, (max-width: 1024px) 100vw, 1024px" /></figure>

<p>Je m’appelle Magali, je suis une âme qui vit sur cette Terre depuis 43 ans 😉 J&#8217;habite en campagne Lensoise et j&#8217;ai la chance d&#8217;être maman de 2 garçons. Je suis mariée depuis 10 belles années maintenant. J’ai voulu devenir kiné à l’âge de 8 ans. Prendre soin des êtres vivants a toujours été une vocation pour moi. Je me suis donc, naturellement tournée vers l&#8217;humain, même si les animaux ont toujours eu cette place bien particulière dans mon coeur. ( mon 2ème choix étant vétérinaire ) Être dans le soin à la personne a toujours fait partie de ma vie et de mes envies. Après avoir eu ma licence en kiné, je me suis engagée, pas toujours de manière très consciente, à divers endroits pour élargir mon horizon et mes compétences.  Depuis toute petite, je me suis toujours sentie différente et dans une quête de sens quasi constante. Avec les années, je me rends compte maintenant que je me suis un peu perdue dans cette vie où la dispersion faisait partie de mon quotidien. &#8220;Le sens de l&#8217;existence terrestre ne se trouve pas comme nous l&#8217;avons appris, dans la prospérité, mais dans le développement de l&#8217;âme&#8221; ( Alexandre Soljenitsyne ) Pendant plus de 20 ans, j’ai mis beaucoup d&#8217;énergie à me former pour améliorer mes compétences en tant que kiné, surtout d’un point de vue technique.  Mon vrai chemin, … mon début de retour à moi, a commencé en 2015 dans une formation qui m’a bouleversée : l’hippothérapie. Cette formation m’a reconnecté de manière différente avec des êtres chers à mon cœur : les humains et les chevaux. Elle m&#8217;a permis aussi, avec douceur, de mettre plus d&#8217;attention non pas sur ce que je Faisais mais bien sur ce que j’Etais. Ce moment clé était le début d&#8217;un grand changement au niveau de ma présence à l&#8217;autre, à moi et à ce monde. &#8220;Dans la sagesse accumulée au fil du temps, j&#8217;ai découvert que chaque expérience est une forme d&#8217;exploration&#8221; ( Ansel Adams ) Tout s’est alors enchaîné : des pertes importantes à mes yeux, des accidents, des conflits, l’arrivée d’un 2ème enfant qui m&#8217;a amené à épuiser mes réserves tant physiques que psychologiques, la perte de mon papa, … toutes des expériences de vie certes, mais qui m’ont brisée et fait toucher le fond il y a 3 ans. Après beaucoup de travail sur moi et une merveilleuse formation en thérapie psycho-corporelle ( EMTE : Energetic Massage Therapy Eidétique ), je me sens maintenant bien plus proche de mon Essence, je comprends ce qui m&#8217;habite et je peux m&#8217;y adapter pour vivre ma vivre d&#8217;une façon beaucoup plus sereine. J&#8217;ai appris à m&#8217;aimer avec mes imperfections et pourtant ce n&#8217;était pas gagné. &#8221; Si tu comprends que toute expérience peut te faire grandir, alors tu sauras donner du sens à tout ce qui t&#8217;arrive et tu progresseras de plus en plus en sérénité, en joie, en connaissance de toi-même et du monde, et surtout en amour, qui l&#8217;énergie la plus forte et la plus élevée de tout ce qui est.&#8221; ( Frédérick Lenoir ) Professionnellement, cette formation est venue compléter cette vision de l’accompagnement idéal que j’imaginais proposer un jour : prendre en compte l&#8217;humain dans son entièreté : poser la même conscience et intention de travail, tant sur le corporel, que sur l’émotionnel et le mental. Après tout ce chemin, qui n’est pas fini, je me définis comme une personne douce, empathique, bienveillante, passionnée, en quête de sens et d’évolution, &#8230; Je désire, plus que tout au monde, aider les personnes, qui viendront à moi, à (re)trouver leur chemin, à se déconstruire pour mieux se reconstruire par le biais d&#8217;une meilleure conscience mentale et corporelle. Parallèlement, je travaille actuellement et depuis 10 ans, comme kinésithérapeute, dans un service de jour pour personnes adultes présentant un handicap mental/physique.</p>
